-a**3 + 6*a**2 + 7*a - 4. What is m(n)?
-4
Let s = 9 + -13. Let a(v) be the third derivative of -v**5/60 + v**4/12 - v**3/3 + 16295*v**2. What is a(s)?
-26
Let r(t) = 5*t**2 + 182*t - 118. Let f be r(-37). Let u(a) be the first derivative of -a**4/4 - 8*a**3/3 - 7*a**2/2 + 7*a - 1. Give u(f).
7
Let t(a) be the second derivative of a**5/120 - a**4/24 + a**3/3 + 16*a**2 + 22*a. Let o(x) be the second derivative of t(x). Calculate o(5).
4
Let w(t) = 2*t - 3. Let i(j) = -48 - 3*j + 2*j + 25 + 25. Let l(x) = 7*i(x) + 5*w(x). Let b be (0 + -2)/(3 + -2). Determine l(b).
-7
Let b(t) = 4*t**3 - 5*t**3 + 0*t + 17*t**2 + 4*t + 1656 + 0*t**2 - 1680. Give b(17).
44
Let n(i) = 4*i**2 + 2*i + 19. Let z be n(5). Let m(p) = -254*p + z*p + 127*p. Give m(-6).
-12
Let t = 85 - 30. Let b = 58 - t. Let z(r) = b - 4 - r - 15. What is z(0)?
-16
Let p = -65 + 67. Let o(w) = w**2 - 9*w - 10 - 5*w**p + w**2 + 5*w**2. Let x be o(5). Let f(m) = -m**3 - 4*m**2 + 6*m - 7. Give f(x).
-12
Let q(o) = o**2 - 8*o + 4. Suppose 10*s - 5*s + 20 = 0. Let c be -47 + ((-12)/1)/s. Let f = c + 49. Give q(f).
-11
Let v(x) = -2*x**2 + 429072 - 858135 + 429057 + 7*x. Suppose 3*j = 6 + 12. Calculate v(j).
-36
Let j(c) = -7*c + 93 + 49 + 64. Let r be j(29). Let m(v) be the third derivative of v**6/120 - v**5/12 + v**4/8 + v**3/3 - 2*v**2. Determine m(r).
-7
Suppose -406*f + 360 = -334*f. Let o(d) = d**2 + 10*d - 22. Give o(f).
53
Suppose h + 3 = 27*i - 26*i, 3*h = 2*i - 14. Let p(g) = -g**3 - 6*g**2 + 14*g - 7. Give p(h).
9
Suppose 4*y + g + 49 = 148, 5*y = -5*g + 135. Suppose -i = -5*i + y. Let n(a) = a + 34. Let z(s) = -s - 40. Let d(j) = -9*n(j) - 8*z(j). Give d(i).
8
Let r(o) = 2*o**3 + 2*o**2 + 2*o - 1. Suppose 0 = -93*u + 92*u + 6. Let f be (87/(-58))/(u/8). What is r(f)?
-13
Let b(z) = -12*z + 5*z + 6*z + 7 + 5. Let d(a) = a - 10. Let c(g) = 2*b(g) + 3*d(g). Give c(11).
5
Let r(n) = 0 - 4*n - 2*n + 3. Let b(y) = y**2 + 219*y + 4162. Let a be b(-21). Calculate r(a).
-21
Let c(n) = n**3 + 6*n**2 + 133*n + 978. Let g be c(-7). Let t(o) = 6*o**2 - 3*o - 12. Give t(g).
18
Let b be (-4 - -11) + (-24)/3. Let p be (-1 - -15) + b + (-10)/2. Let d(c) = c**3 - 9*c**2 + 9*c - 9. Determine d(p).
-1
Let q(v) = 3 + 57205*v**2 + 5*v - 28606*v**2 - 28600*v**2. Let w be -2 + -2 + 10 + -1. Determine q(w).
3
Let f(j) = -5*j - 3. Let h = 3759 - 3754. What is f(h)?
-28
Let k(z) = 438*z**3 + 4*z**2 + 7*z + 4. Let m be k(-1). Let j = m - -442. Let d(c) = c + 3. Give d(j).
8
Let d(s) = -2*s**2 - 10*s - 115*s**3 + 114*s**3 + 13 + 9*s**2. Let c be d(5). Suppose -2*z = -w - c, -6*z + 3*z = 5*w. Let h(v) = v + 2. Give h(z).
7
Let b(h) = 130*h - 3133. Let d be b(24). Let m(l) = -9*l - 97. Determine m(d).
20
Let u(d) = -d**3 - 5*d**2 - 7*d - 4. Let z = -270 - -45. Let f = z + 221. Give u(f).
8
Let p = -5336 + 5358. Let o(w) = -8*w + 176. Calculate o(p).
0
Let d(n) be the second derivative of -n**4/12 - n**3/6 + 7*n**2 - n + 6. Let q = -1044 + 1039. Give d(q).
-6
Let b(g) = 16*g + 28 - 4425*g**2 - 10 - 1 - g**3 + 4442*g**2. What is b(18)?
-19
Let k(v) = 2*v + 6. Let g(d) be the second derivative of d**5/20 - 4*d**4/3 + 17*d**3/6 - 33*d**2/2 - 39*d. Let a be g(15). Determine k(a).
0
Let c be 3*(-1)/3*(0 - 11). Let x(q) be the second derivative of q**4/12 - 13*q**3/6 + 9*q**2/2 - 3*q + 174. Determine x(c).
-13
Let l(t) = t**3 - 2*t**2 - 5*t + 1. Let n be l(4). Let c(s) be the first derivative of -s**4/4 + 13*s**3/3 - s**2/2 + 18*s - 53308. Determine c(n).
5
Let f(d) = -d**3 - 18*d**2 - d - 9. Let q(n) = n**3 + 133*n**2 + 263*n + 113. Let g be q(-131). Calculate f(g).
9
Let m(r) = 124 + 112 - 13*r + 133 - 391. Calculate m(-6).
56
Let s(o) = -153229*o + 306465*o + 1 - 153234*o + o**2. Let u = 11 - 7. Determine s(u).
25
Let z(m) = -m**3 + 7*m**2 + 8*m - 3. Let p(h) = 2*h**2 + 9*h + 14. Let v be p(-6). Let x = v - 17. Suppose -x - 1 = -2*b. Give z(b).
-3
Suppose 56*z - 343 = 5*z + 2*z. Let p(w) = 18*w - 14. Give p(z).
112
Let w = 7619 - 7616. Let k be (12/10)/((-6)/(-40)). Let c(r) = 1 + 2*r - k + 3. Give c(w).
2
Let f(l) be the first derivative of -l**4/4 - l**3/3 - 6*l - 37. Let c(x) = -x**3 + 14*x**2. Let w be c(14). What is f(w)?
-6
Let u(a) = a**2 + 16*a - 43. Let v be u(-18). Let r(x) = -1 - x**3 - 6*x - 2 - 8*x**2 - 1 - 2. What is r(v)?
-13
Let z = -15 + 9. Let g(h) = -89*h + 7. Let m(b) = -59*b + 4. Let i(r) = -4*g(r) + 6*m(r). Determine i(z).
-16
Let q = -29969 + 30002. Let g(o) = o - 39. Give g(q).
-6
Let s(u) = 11788*u - u**2 + 21 - 5903*u - 5896*u. Give s(-9).
39
Let c be ((-12)/39)/(4/(-26)). Let f(l) = -3*l**2 + l - 2 - l**3 + c*l**2 + 2*l**3 + 0. Give f(2).
4
Let b(g) = 9*g - 15. Suppose 2*y - 25 - 4 = -3*a, y + 5*a = 39. Calculate b(y).
21
Suppose -292*g - 672 = 379 + 409. Let l(h) = h**2 + 7*h + 9. What is l(g)?
-1
Let z be (154/(-385))/((-4)/(-5))*0. Let j(i) be the second derivative of z + 1/20*i**5 - 5/2*i**2 - 1/3*i**4 - 48*i + 0*i**3. Determine j(4).
-5
Let s(k) be the third derivative of 2*k**5/5 + 5*k**4/24 + 2*k**3/3 - 2511*k**2. Calculate s(-1).
23
Let r be (-8)/(-2)*(1 - 3). Let y(q) be the first derivative of -q**4/4 - 3*q**3 - 5*q**2/2 - 10*q + 1142. Calculate y(r).
-34
Let m(t) = -5*t**3 + 12*t**2 + 40*t + 25. Let p(v) = -2*v**3 + 6*v**2 + 18*v + 12. Let c(o) = 3*m(o) - 7*p(o). What is c(-6)?
27
Let l(g) = -3*g**2 - 6*g - 21. Let f(s) = 7*s**2 + 12*s + 42. Let z(c) = -2*f(c) - 5*l(c). Calculate z(-6).
21
Let q = 24 + 12. Suppose n - 5*o + q = 6, -o = -5*n - 30. Let s(k) = k**3 + 7*k**2 + 6*k + 4. What is s(n)?
24
Let n(h) = -2*h**2 + 5*h**2 - 6*h - 2 + 2*h**2. Let x(u) = -3*u - 4*u**2 + 17 - 7*u**2 - 13 + 16*u. Let q(t) = 13*n(t) + 6*x(t). Determine q(-2).
-6
Let w = 12 + -2. Let o(p) = 11*p - 66891 + 133785 - p**2 - 66910. Calculate o(w).
-6
Let b(k) = 17*k - 5. Let z(f) = 344*f + 7915. Let y be z(-23). Give b(y).
46
Suppose 3*b = 5*d + 32, 0 = -3*d - 2*b - 5 + 1. Let i = 74 - 68. Let c(y) = -i + 15 + 4*y - 8 + 0*y**2 + y**2. What is c(d)?
1
Let r be (0 - (-156)/(-12))*1. Let b(t) = t**3 + 12*t**2 - 9*t + 6. Give b(r).
-46
Let i(u) = -12*u - 33. Let p(y) = 3*y + 12. Let h(l) = i(l) + 3*p(l). Let x(q) = q + 1. Let s be x(-4). Let j = s - -6. Determine h(j).
-6
Let b(z) = -14*z - 51. Let u(m) = 2*m + 1. Let f(s) = b(s) + 10*u(s). Determine f(10).
19
Let z(n) = -7*n + 2. Let d(l) = -51*l + 17. Let o(j) = -2*d(j) + 12*z(j). Calculate o(3).
44
Let k = 110 - -10. Let s = -76 + k. Let f = s + -42. Let l(u) = u**2 - 3*u. Give l(f).
-2
Let g = 19 - 7. Let r be ((-8)/g)/((-3)/9). Let a(y) = y**r + 20*y - 38*y + 24*y + 7. Determine a(-6).
7
Let j be ((-310)/(-434))/(1/7). Suppose -5*t - 50 = j*k, -5*t = k + k + 26. Let u(n) = -n**2 - 2*n + 10. Calculate u(k).
-38
Let q(o) be the first derivative of -o**4/4 + 2*o**3 - 3*o**2/2 - 6*o + 160. Let d(b) = b**2 + 7*b - 12. Let r be d(-9). What is q(r)?
-24
Let w(x) = x**3 + 15*x**2 + 17*x + 10. Let u be w(-7). Suppose 24*a - 67 + u = 0. Let q(z) = -z + 1. What is q(a)?
10
Suppose 0 = 6*o + 10*o - 48. Let m(c) = -8*c**2 + 576 + 3*c**2 - c**o - 575 - c. Determine m(-5).
6
Let r(j) = -9996*j + j**3 + 10 + 19991*j - 9998*j - 5*j**2. What is r(4)?
-18
Let f(m) be the third derivative of -m**6/120 - m**5/12 + 23*m**4/24 + 53*m**3/6 - 55*m**2 + 40*m. Determine f(-7).
-10
Let m be (31 - 28) + (-2 - 4). Let b(c) = 14*c + 37. Calculate b(m).
-5
Let v(c) be the first derivative of 2*c + 0*c**2 - 1/4*c**4 + 52 + 5/3*c**3. Give v(6).
-34
Let q be ((-13)/6)/((-14)/(-84)). Let w(r) = -r**3 - 3*r**2 + 130*r + 4. Calculate w(q).
4
Let t(p) = p**2 - p + 11. Let f(z) = -4*z - 64. Let k(s) = -s - 21. Let h(x) = 2*f(x) - 7*k(x). Let r be h(-8). Suppose -31*w = -r*w. What is t(w)?
11
Let m be (2 - -1) + 5 - 0. Suppose -6*n + 3*n + m = -2*h, 5 = -5*h. Suppose b - z + 2*z = 8, -b - 7 = -n*z. Let s(i) = -i**3 + 3*i**2 + 2*i + 4. Give s(b).
10
Suppose -13*m + 72 = -11*m. Let i = m + -16. Let p be (-3)/12 - 35/i. Let l(d) = -7*d - 2. Determine l(p).
12
Let p(n) = -n**2 + 22*n - 44. Let h be p(18). Let z be 7/(h/18)*(-4)/6. Let v(y) = -y**3 - 3*y**2 + 3*y + 1. Determine v(z).
-8
Let u(z) = z**3 - 3*z**2 + 7*z + 1. Let g(x) = 19*x**3 - 14*x**2 + 31*x + 2. Let n(c) = -g(c) + 4*u(c). Give n(1).
-14
Let x(a) = -7*a - 7345 + 7344 + 2*a. Suppose -w - 2*j = -4 - 0, -4*w - 5*j = -10. Suppo